 - -11 - (2 - (0 + 5))
-19
Calculate -71 + 96 - (0 + (-1 - 2) + 3).
25
What is the value of 23 + -5 - 6 - (15 + -17)?
14
What is -35 + (30 - 31) - -60?
24
Evaluate 1 + -1 + -7 - (-7 + (-15 - 5)).
20
Evaluate (3 - (-12 - -16)) + 8.
7
Calculate (1170 - 1163) + (-1 + 9 - -1).
16
What is the value of 9 - 1 - (-3 + 20 + -18)?
9
What is the value of -3 - (-25 - (-42 - -38))?
18
What is 2 + 5 + 4 + -23?
-12
Evaluate 3 + 21 + (-17 - -2).
9
What is 3 - (14 - (0 + -5 + 0 + 3))?
-13
What is (2 - 8) + (29 - -8)?
31
Calculate (-8 - -6) + (1 + 2 + -2 - 6).
-7
2 + 4 + 1 - (2 + 0)
5
Evaluate -11 - (1 + -19) - (1 - -4).
2
8 + (9 - (24 + -1)) - -1
-5
Calculate (-10 - -28) + -7 + 3 + -4.
10
What is (-94 - -60) + 73 + (-16 - -1)?
24
Calculate (-6 - -1) + (0 - (13 + -13)).
-5
Calculate -14 - (6 - 10) - -26 - -19.
35
What is 3 - (-1 + -8 + 104 + -96 + 5)?
-1
-1445 - -1425 - (1 + 1 - 0)
-22
Evaluate 1 + -20 + 0 - -6.
-13
What is -2 + -13 + (-14 - (22 - 41))?
-10
Calculate 20 - ((72 - 21) + -16) - (5 + 1).
-21
Calculate -13 - (9 - (2 + 7)).
-13
Evaluate (9 - (4 - 8 - -7)) + -11 - 2.
-7
Calculate (2 - (-4 + -2)) + (8 - 11).
5
What is the value of -49 - (-3 + -29) - (1 - -4)?
-22
Calculate (25 - 20) + 22 + -3.
24
What is (10 - (4 + -5) - 23) + 6?
-6
Evaluate -3 + -1 + 1 + (-1 - -34 - 25).
5
Evaluate (25 - 32 - -47) + -1 + -1.
38
What is the value of -37 - 0 - (-576 + 513)?
26
What is the value of (0 - (11 - 20)) + 7 - 16?
0
7 + (-12 - -12) + (0 - 19 - -1)
-11
(3 - -12) + -4 + (11 - 10)
12
What is (14 - 18) + 4 + 8 - 1?
7
Calculate -3 + -14 + -31 + 44.
-4
Calculate 3 - (-8 - -13 - 0) - (-6 + 11).
-7
Calculate (-6 - -23) + 13 - 28.
2
What is the value of -5 + 4 + 2 - (-29 + 30) - 6?
-6
What is the value of 12 - 2 - (47 + (28 - 54))?
-11
Evaluate 1584 + -1560 - (21 + -1 + 0).
4
Evaluate -10 - (7 + (-47 - -7)).
23
-22 + (15 - (10 + -5))
-12
What is the value of 5 - (-6 - 17 - (-17 + -1))?
10
What is (-8 + 3 + 1 - -6) + 1 + -5?
-2
What is the value of -2 - 16 - (33 + -63 + 27)?
-15
Calculate 0 + 8 + (1 - 6) + -13.
-10
-22 + (25 - 31) + 12
-16
4 - -29 - 70 - -35
-2
What is 0 + -2 + (12 - 10) + -8?
-8
What is the value of 28 - (17 - 7) - 29?
-11
What is the value of 19 + -14 + (14 - 12) - 11?
-4
(2 - 1 - (0 - -4)) + 20 + -17
0
24 + -28 + 7 + -12 + -5
-14
What is 2 - -5 - ((-5 - -2) + -2 + 9)?
3
-55 + 58 + (7 - 1)
9
Calculate 1 + -7 + 9 + (-2 - -14 - 23).
-8
Evaluate -4 - (7 - (6 - (-7 + 3 - -5))).
-6
Calculate -26 + 9 - 7 - -16.
-8
What is the value of (11 - 22) + -12 + 14?
-9
1 + 4 + -21 + -33 + 26 - 0
-23
Evaluate 9 + -3 + -172 + 148.
-18
What is 31 - 32 - (2 - 2) - 12?
-13
Calculate 17 - (14 - 2 - (20 + -25)).
0
Calculate 215 + -206 + -1 + -1.
7
-14 + 4 + (1 + -13 - -28)
6
-15 - ((-36 - -14) + 17)
-10
What is 11 - ((29 - 13) + 0)?
-5
Calculate -9 + 17 + (4 + 3 - 12).
3
Calculate -7 - ((5 - 17) + 8 - 0).
-3
What is the value of -2 - (-5 + -27 + 7 - (0 - -1))?
24
What is 0 + (0 - (-11 - -16 - -6))?
-11
What is (21 + -6 - 29) + 2?
-12
Evaluate (2 - 6 - 8) + (-19 - -16).
-15
(9 - (3 + 3 + -7) - 20) + 2
-8
What is the value of (-29 - -1) + 53 + -21?
4
Calculate -5 - (0 + 2) - (-2 - 20 - -23).
-8
-10 - (-6 + 2 + 8 + -10)
-4
((5 - -4) + 5 - (0 - -5)) + 0
9
What is the value of 13 - 3 - (1 + 7)?
2
What is the value of 1 + -12 + (109 - 105) - -35?
28
Evaluate (-1 + 4 - 7 - 10) + 3.
-11
(-5 - -1 - -3) + 4 + 27 + -48
-18
What is 5 + -1 + 2 + 76 + -93?
-11
Calculate -14 + (45 - (2 + 13)) - -21.
37
What is 1 + (-6 + -1 - -1) + 6 + 9?
10
Calculate (215 - 215) + (-5 - 0).
-5
What is (-45 - -1) + (-221 - -233)?
-32
(5 - (21 - 18)) + -8 + -2
-8
Evaluate 15 + -13 + (0 - 0) - -8 - 14.
-4
What is -77 + 58 + -3 + 1?
-21
Evaluate (8 - (11 - 6)) + 8 + -2.
9
What is the value of -23 - (-38 - (-18 - 13))?
-16
What is the value of 4 - ((-1 - -4) + (45 + -22 - 25))?
3
What is the value of 6 - 0 - -2 - (4 + -2 - -18)?
-12
Evaluate (-9 - -3) + 43 + -30.
7
Calculate (-4 - (2 + -13)) + (2 - 10).
-1
What is the value of 12 + 0 + -6 + -25 - -4?
-15
-4 - (-5 + -1 - -2 - (-10 - -19))
9
12 + -33 + 17 + -7 - 18
-29
Calculate (11 - (27 + -10)) + 13.
7
What is the value of 524 - 539 - (10 + 0) - -1?
-24
What is (-2 - (1 - 1 - -3)) + 7 + -3?
-1
What is (1622 - 1592) + -38 + 0?
-8
Calculate 11 - ((-10 - -27) + 0).
-6
6 + -17 - (-2 + -10)
1
-9 + 38 - 6 - 36
-13
7 - (3 - (-29 - (-16 - -8)) - -10)
-27
What is 7 + -1 + (10 - (7 - -10)) + 1?
0
What is -7 + (0 - 0) - (-26 - (-11 + 1))?
9
Calculate -1 - (3 - -8 - (-28 + 23)).
-17
Calculate 13 - 11 - -13 - 15.
0
What is the value of -164 + 190 - (8 - (-5 - -10))?
23
What is -87 - -84 - 16 - (-54 - 1)?
36
Calculate 13 - (37 - 1 - (145 - 135)).
-13
-8 - 0 - (17 - 36 - -11)
0
Calculate -8 + 24 + -8 + -13.
-5
-5 - (-2 - (-1 + 1) - (-131 - -131))
-3
What is 3 + -8 - (-757 - -720)?
32
What is the value of -9 + -1 - (49 + -6 + -39)?
-14
What is the value of 11 - (8 + -8 + 6) - 12?
-7
-7 + 5 + -4 + 18
12
Evaluate 1017 - 1004 - (0 - -25).
-12
Evaluate -28 + 3 + -1 + 10 + 6.
-10
What is the value of 1 - 26 - (775 - 785)?
-15
What is 3 + -21 - (0 - 3) - (94 - 99)?
-10
1 + -1 - (59 - 48)
-11
What is the value of (1 - (-4 - -19)) + 13?
-1
Evaluate (40 - 29) + -36 - 1.
-26
Evaluate (-2 - 31) + (-6 - -3) - (-31 - -27).
-32
What is the value of -5 + (2 - (-10 - -14)) + -4?
-11
Evaluate (21 - 4) + (-8 - -10).
19
What is the value of 1 + 3 + 2 + (13 - -4) + -12?
11
What is -19 - (-18 - (-7 + -2))?
-10
14 + -2 + 4 + -26
-10
What is the value of 34 + (-64 - 6) + 36?
0
What is the value of 1 + (-6 - 0) - (-16 - (2 + -6))?
7
Evaluate 13 + (1 + 3 + 8 - 30).
-5
Calculate 17 - (-12 - -18 - -1).
10
What is the value of -196 - -205 - (0 - 1)?
10
Evaluate -4 - (-3 - -4) - (-7 - 9).
11
Evaluate 10 - (34 + -17 + -1 - -24).
-30
What is 13 + -47 - (-4 - 25)?
-5
What is the value of -9 + -2 + (6 - 3 - (-11 - -15))?
-12
(3 - 3) + 3 + (-8 - -6) + -10
-9
Evaluate (22 - (0 + 13)) + (6 - -6) + -1.
20
Evaluate 14 - (-4 - -14) - 9 - (2 - -1).
-8
5 + ((-16 - -10) + 12 - (-1 + 4))
8
What is the value of (-27 - -22) + -3 + 17 + -19?
-10
What is the value of (26 - -1) + -1635 + 1603?
-5
What is (-36 - -44 - (-1 - -1)) + 5?
13
Calculate 23 - 7 - (1 - (-2 - 2)).
11
Calculate 0 + (-23 + 2 - -18).
-3
4 - (-8 + -12) - 4
20
What is the value of -3 - 1 - (191 - 156) - -15?
-24
Evaluate -10 + 5 + 7 + 4 + 4 + 2.
12
(29 - 4 - -7) + -63
-31
What is 0 + 6 + -12 + 6 + -4 + 5?
1
What is the value of 14 + (3 - 2) - (25 + (-27 - -9))?
8
What is 12 - (-45 - (21 - 52))?
26
What is 8 - (4 - (4 + (-6 - (-5 + 4))))?
3
What is the value of (-2 - -20 - 1) + -18?
-1
What is the value of 12 - ((-1 - -11) + (-1 - 4)) - -7?
14
What is -9 - (11 - (-9 - -20))?
-9
Evaluate (-256 - -232) + 7 + 0.
-17
What is the value of -55 + 59 - (1 - (-17 - 2))?
-16
What is 0 + 9 - (-105 - -122)?
-8
What is 1 + (-28 - -30) + 20?
23
What is -61 + 50 + (31 - 5)?
15
20 - (6 + (13 - 12))
13
What is 3 - (17 + -21) - (11 + -8)?
4
What is the value of -27 + (10 - -10 - 9)?
-16
-881 - -897 - (-1 + 0 + 5)
12
What is the value of (33 - 62) + -28 + 30?
-27
What is the value of (-12 - 3) + 14 + 20?
19
What is 38 + -40 - ((0 + -1 - -3) + -6)?
2
Evaluate (6 - 2) + 6 + -6 + 18 + 7.
29
What is the value of -21 + 4 - (-32 - (21 + -20))?
16
-53 + 29 + -2 + 5 + 1
-20
Evaluate (1 - (-10 - (-5 + -5))) + 0.
1
4 + (-2 - 5) - (-1 + 3)
-5
-10 + 1 - (3 + (-5 + 6 - -2))
-15
2 + (-10 + 1 - (-30 - -24) - -3)
2
(7 - (1 + -2)) + 30 + (4 - 31)
11
What is the value of 1 + -8 + (-3 - -23) + -12 - -14?
15
Evaluate 4 - 4 - 2 - (13 + -14).
-1
Calculate 3 + -7 + 12 + -6 + 3 + -6.
-1
What is -18 + 21 + 16 - 17?
2
Evaluate 5 + (-30 - (-4 + -21)).
0
What is (-101 + 113 - (2 + 0)) + -3 - 22?
-15
0 + 7 + (-11 - 8) + 12
0
Evaluate 2 + 4 + (-4 - -3) - -2 - 7.
0
What is 611 + -563 - (1 + 44)?
3
10 - ((-6 - -7 - 5) + (-27 - -17))
24
What is -10 - (5 + 0 + -7) - 2?
-10
41 + -40 - (2 - 2) - 24
-23
3 + (1 - 13) + (0 + -9 - -13)
-5
What is the value of -14 - (-15 + (12 - 12))?
1
Evaluate (5 - 2) + 8 + -4.
7
(-6 + 15 - (-11 - -12)) + -8
0
What is 30 + -7 + (-16 - -17 - 6)?
18
Calculate -2 - 2 - -4 - (-27 + 31) - 31.
-35
Calculate (2 - (2 - (-1 + 16))) + (15 - 14).
16
What is the value of -12 + 22 - ((24 - -6) + 5)?
-25
What is 1 - -1 - (-5 + 18 - 6)?
-5
Calculate 1 + (11 - (21 - 22)).
13
What is the valu